{"id":1195,"date":"2021-08-11T10:55:56","date_gmt":"2021-08-11T13:55:56","guid":{"rendered":"https:\/\/demo.hashthemes.com\/total\/el-agency\/?page_id=1195"},"modified":"2025-12-09T11:59:18","modified_gmt":"2025-12-09T14:59:18","slug":"nucleo-pade","status":"publish","type":"page","link":"https:\/\/pade.com.br\/?page_id=1195","title":{"rendered":"Time"},"content":{"rendered":"\t\t<div data-elementor-type=\"wp-page\" data-elementor-id=\"1195\" class=\"elementor elementor-1195\">\n\t\t\t\t\t\t<section class=\"elementor-section elementor-top-section elementor-element elementor-element-eaed85e elementor-section-content-middle elementor-section-boxed elementor-section-height-default elementor-section-height-default\" data-id=\"eaed85e\" data-element_type=\"section\">\n\t\t\t\t\t\t<div class=\"elementor-container elementor-column-gap-wider\">\n\t\t\t\t\t<div class=\"elementor-column elementor-col-50 elementor-top-column elementor-element elementor-element-da42a81\" data-id=\"da42a81\" data-element_type=\"column\">\n\t\t\t<div class=\"elementor-widget-wrap elementor-element-populated\">\n\t\t\t\t\t\t<div class=\"elementor-element elementor-element-d2b2c9d elementor-widget elementor-widget-heading\" data-id=\"d2b2c9d\" data-element_type=\"widget\" data-widget_type=\"heading.default\">\n\t\t\t\t<div class=\"elementor-widget-container\">\n\t\t\t\t\t<h2 class=\"elementor-heading-title elementor-size-default\">N\u00daCLEO GESTOR PADE \/ ADOP<\/h2>\t\t\t\t<\/div>\n\t\t\t\t<\/div>\n\t\t\t\t<div class=\"elementor-element elementor-element-9fa16a3 elementor-widget elementor-widget-text-editor\" data-id=\"9fa16a3\" data-element_type=\"widget\" data-widget_type=\"text-editor.default\">\n\t\t\t\t<div class=\"elementor-widget-container\">\n\t\t\t\t\t\t\t\t\t<p>O Plano de Apoio \u00e0 Diversifica\u00e7\u00e3o Econ\u00f4mica de Ouro Preto (PADE) faz parte da pol\u00edtica p\u00fablica do munic\u00edpio &#8211; Lei Municipal n\u00b0 1.338 de 5\/04\/23. O PADE tem sua governan\u00e7a em rede: CONDES, Sec. de Desenvolvimento Econ. Inova\u00e7\u00e3o e Tecnologia e a ADOP &#8211; Ag\u00eancia de Desenvolvimento Econ\u00f4mico e Social de Ouro Preto. N\u00facleo PADE da ADOP foi criado, a partir da parceria da ADOP com a prefeitura, com a miss\u00e3o de se viabilizar e dar agilidade \u00e0s a\u00e7\u00f5es priorizadas e aprovadas pelo CONDES-OP, que conta com C\u00e2maras Tem\u00e1ticas por eixo: Agropecu\u00e1ria; Aproveitamento de Rejeitos; Empreendedorismo; Turismo; Inova\u00e7\u00e3o e Tecnologia.\u00a0<\/p>\t\t\t\t\t\t\t\t<\/div>\n\t\t\t\t<\/div>\n\t\t\t\t\t<\/div>\n\t\t<\/div>\n\t\t\t\t<div class=\"elementor-column elementor-col-50 elementor-top-column elementor-element elementor-element-f1bff98\" data-id=\"f1bff98\" data-element_type=\"column\">\n\t\t\t<div class=\"elementor-widget-wrap elementor-element-populated\">\n\t\t\t\t\t\t<div class=\"elementor-element elementor-element-0b25b04 elementor-widget elementor-widget-image\" data-id=\"0b25b04\" data-element_type=\"widget\" data-widget_type=\"image.default\">\n\t\t\t\t<div class=\"elementor-widget-container\">\n\t\t\t\t\t\t\t\t\t\t\t\t\t\t\t<img fetchpriority=\"high\" decoding=\"async\" width=\"640\" height=\"480\" src=\"https:\/\/pade.com.br\/wp-content\/uploads\/2023\/10\/nucleo-pade-adop-1024x768.jpeg\" class=\"attachment-large size-large wp-image-1530\" alt=\"N\u00facleo PADE ADOP\" srcset=\"https:\/\/pade.com.br\/wp-content\/uploads\/2023\/10\/nucleo-pade-adop-1024x768.jpeg 1024w, https:\/\/pade.com.br\/wp-content\/uploads\/2023\/10\/nucleo-pade-adop-300x225.jpeg 300w, https:\/\/pade.com.br\/wp-content\/uploads\/2023\/10\/nucleo-pade-adop-768x576.jpeg 768w, https:\/\/pade.com.br\/wp-content\/uploads\/2023\/10\/nucleo-pade-adop-1536x1152.jpeg 1536w, https:\/\/pade.com.br\/wp-content\/uploads\/2023\/10\/nucleo-pade-adop.jpeg 1600w\" sizes=\"(max-width: 640px) 100vw, 640px\" \/>\t\t\t\t\t\t\t\t\t\t\t\t\t\t\t<\/div>\n\t\t\t\t<\/div>\n\t\t\t\t\t<\/div>\n\t\t<\/div>\n\t\t\t\t\t<\/div>\n\t\t<\/section>\n\t\t\t\t<section class=\"elementor-section elementor-top-section elementor-element elementor-element-0f337aa elementor-section-boxed elementor-section-height-default elementor-section-height-default\" data-id=\"0f337aa\" data-element_type=\"section\">\n\t\t\t\t\t\t<div class=\"elementor-container elementor-column-gap-default\">\n\t\t\t\t\t<div class=\"elementor-column elementor-col-100 elementor-top-column elementor-element elementor-element-00abb65\" data-id=\"00abb65\" data-element_type=\"column\">\n\t\t\t<div class=\"elementor-widget-wrap elementor-element-populated\">\n\t\t\t\t\t\t<div class=\"elementor-element elementor-element-89ad076 elementor-widget elementor-widget-heading\" data-id=\"89ad076\" data-element_type=\"widget\" data-widget_type=\"heading.default\">\n\t\t\t\t<div class=\"elementor-widget-container\">\n\t\t\t\t\t<h2 class=\"elementor-heading-title elementor-size-default\">n\u00facleo pade \/ adop<\/h2>\t\t\t\t<\/div>\n\t\t\t\t<\/div>\n\t\t\t\t<section class=\"elementor-section elementor-inner-section elementor-element elementor-element-907c87d elementor-section-full_width elementor-section-height-default elementor-section-height-default\" data-id=\"907c87d\" data-element_type=\"section\">\n\t\t\t\t\t\t<div class=\"elementor-container elementor-column-gap-default\">\n\t\t\t\t\t<div class=\"elementor-column elementor-col-33 elementor-inner-column elementor-element elementor-element-0b91358\" data-id=\"0b91358\" data-element_type=\"column\">\n\t\t\t<div class=\"elementor-widget-wrap\">\n\t\t\t\t\t\t\t<\/div>\n\t\t<\/div>\n\t\t\t\t<div class=\"elementor-column elementor-col-33 elementor-inner-column elementor-element elementor-element-eba35f8\" data-id=\"eba35f8\" data-element_type=\"column\">\n\t\t\t<div class=\"elementor-widget-wrap elementor-element-populated\">\n\t\t\t\t\t\t<div class=\"elementor-element elementor-element-ed8527c elementor-widget elementor-widget-text-editor\" data-id=\"ed8527c\" data-element_type=\"widget\" data-widget_type=\"text-editor.default\">\n\t\t\t\t<div class=\"elementor-widget-container\">\n\t\t\t\t\t\t\t\t\t<p>O N\u00facleo PADE\/ADOP \u00e9 a inst\u00e2ncia de execu\u00e7\u00e3o e gest\u00e3o do Plano de Apoio a Diversifica\u00e7\u00e3o Econ\u00f4mica de Ouro Preto (PADE), possuindo uma equipe t\u00e9cnica pr\u00f3pria, exclusiva e dedicada a dar apoio, na articula\u00e7\u00e3o, elabora\u00e7\u00e3o, capta\u00e7\u00e3o, execu\u00e7\u00e3o e gestao de projetos<\/p>\t\t\t\t\t\t\t\t<\/div>\n\t\t\t\t<\/div>\n\t\t\t\t\t<\/div>\n\t\t<\/div>\n\t\t\t\t<div class=\"elementor-column elementor-col-33 elementor-inner-column elementor-element elementor-element-276de77\" data-id=\"276de77\" data-element_type=\"column\">\n\t\t\t<div class=\"elementor-widget-wrap\">\n\t\t\t\t\t\t\t<\/div>\n\t\t<\/div>\n\t\t\t\t\t<\/div>\n\t\t<\/section>\n\t\t\t\t<section class=\"elementor-section elementor-inner-section elementor-element elementor-element-947c561 elementor-section-full_width elementor-section-height-default elementor-section-height-default\" data-id=\"947c561\" data-element_type=\"section\">\n\t\t\t\t\t\t<div class=\"elementor-container elementor-column-gap-wide\">\n\t\t\t\t\t<div class=\"elementor-column elementor-col-25 elementor-inner-column elementor-element elementor-element-ccda07c\" data-id=\"ccda07c\" data-element_type=\"column\">\n\t\t\t<div class=\"elementor-widget-wrap\">\n\t\t\t\t\t\t\t<\/div>\n\t\t<\/div>\n\t\t\t\t<div class=\"elementor-column elementor-col-25 elementor-inner-column elementor-element elementor-element-8286259\" data-id=\"8286259\" data-element_type=\"column\">\n\t\t\t<div class=\"elementor-widget-wrap\">\n\t\t\t\t\t\t\t<\/div>\n\t\t<\/div>\n\t\t\t\t<div class=\"elementor-column elementor-col-25 elementor-inner-column elementor-element elementor-element-9f5d4c0\" data-id=\"9f5d4c0\" data-element_type=\"column\">\n\t\t\t<div class=\"elementor-widget-wrap\">\n\t\t\t\t\t\t\t<\/div>\n\t\t<\/div>\n\t\t\t\t<div class=\"elementor-column elementor-col-25 elementor-inner-column elementor-element elementor-element-26f3f12\" data-id=\"26f3f12\" data-element_type=\"column\">\n\t\t\t<div class=\"elementor-widget-wrap\">\n\t\t\t\t\t\t\t<\/div>\n\t\t<\/div>\n\t\t\t\t\t<\/div>\n\t\t<\/section>\n\t\t\t\t\t<\/div>\n\t\t<\/div>\n\t\t\t\t\t<\/div>\n\t\t<\/section>\n\t\t<div class=\"elementor-element elementor-element-84a3a04 e-flex e-con-boxed e-con e-parent\" data-id=\"84a3a04\" data-element_type=\"container\">\n\t\t\t\t\t<div class=\"e-con-inner\">\n\t\t\t\t\t<\/div>\n\t\t\t\t<\/div>\n\t\t\t\t<\/div>\n\t\t","protected":false},"excerpt":{"rendered":"<p>N\u00daCLEO GESTOR PADE \/ ADOP O Plano de Apoio \u00e0 Diversifica\u00e7\u00e3o Econ\u00f4mica de Ouro Preto (PADE) faz parte da pol\u00edtica p\u00fablica do munic\u00edpio &#8211; Lei Municipal n\u00b0 1.338 de 5\/04\/23. O PADE tem sua governan\u00e7a em rede: CONDES, Sec. de Desenvolvimento Econ. Inova\u00e7\u00e3o e Tecnologia e a ADOP &#8211; Ag\u00eancia de Desenvolvimento Econ\u00f4mico e Social [&hellip;]<\/p>\n","protected":false},"author":1,"featured_media":0,"parent":0,"menu_order":0,"comment_status":"closed","ping_status":"closed","template":"","meta":{"footnotes":""},"class_list":["post-1195","page","type-page","status-publish","hentry"],"_links":{"self":[{"href":"https:\/\/pade.com.br\/index.php?rest_route=\/wp\/v2\/pages\/1195","targetHints":{"allow":["GET"]}}],"collection":[{"href":"https:\/\/pade.com.br\/index.php?rest_route=\/wp\/v2\/pages"}],"about":[{"href":"https:\/\/pade.com.br\/index.php?rest_route=\/wp\/v2\/types\/page"}],"author":[{"embeddable":true,"href":"https:\/\/pade.com.br\/index.php?rest_route=\/wp\/v2\/users\/1"}],"replies":[{"embeddable":true,"href":"https:\/\/pade.com.br\/index.php?rest_route=%2Fwp%2Fv2%2Fcomments&post=1195"}],"version-history":[{"count":25,"href":"https:\/\/pade.com.br\/index.php?rest_route=\/wp\/v2\/pages\/1195\/revisions"}],"predecessor-version":[{"id":1908,"href":"https:\/\/pade.com.br\/index.php?rest_route=\/wp\/v2\/pages\/1195\/revisions\/1908"}],"wp:attachment":[{"href":"https:\/\/pade.com.br\/index.php?rest_route=%2Fwp%2Fv2%2Fmedia&parent=1195"}],"curies":[{"name":"wp","href":"https:\/\/api.w.org\/{rel}","templated":true}]}}